ermine u(13).
373
Let j(x) = 9*x**2 + 1315*x + 198. What is j(-146)?
52
Let d(o) = 69425*o + 43460042. Calculate d(-626).
-8
Let j(k) = -169128*k + 10485941. Determine j(62).
5
Let t(p) = -310*p**3 + 4*p**2 + 603*p - 604. Calculate t(1).
-307
Let v(c) = -c**3 + 15*c**2 + 902*c - 16510. Calculate v(22).
-54
Let b(r) = -99740*r - 498697. Determine b(-5).
3
Let u(z) = -665*z + 47232. Give u(71).
17
Let m(b) = -53*b**3 + 55*b**2 + 336*b - 338. What is m(1)?
0
Let z(l) = -l**2 - 951*l - 128475. Give z(-163).
-31
Let j(f) = -f**3 - 118*f**2 - 118*f - 89. Give j(-117).
28
Let r(m) = -990*m + 23938. Give r(24).
178
Let j(n) = 8*n**3 - 912*n**2 - 37*n + 4245. What is j(114)?
27
Let v(s) = -216*s**2 - 409*s + 1815. Calculate v(-4).
-5
Let f(z) = 4*z + 59. Determine f(64).
315
Let i(r) = -r**3 + 34*r**2 + 1097*r - 37213. What is i(32)?
-61
Let b(f) = 4062*f + 85276. Give b(-21).
-26
Let h(w) = -w**3 - 314*w**2 + 8*w + 2508. Give h(-314).
-4
Let x(j) = 2*j**2 - 854*j - 50875. Give x(-53).
5
Let g(p) = 520*p - 1453. What is g(2)?
-413
Let o(y) = -1119*y**3 + 9*y**2 + 42*y + 35. What is o(-1)?
1121
Let i(w) = -w**3 - 5*w**2 + 104*w - 14. Determine i(7).
126
Let s(z) = 3*z**3 + 149*z**2 + 261*z + 1011. Calculate s(-48).
3
Let r(x) = -324*x**3 - 15553*x**2 - 46*x + 105. Calculate r(-48).
9
Let u(w) = -412*w - 27745. Determine u(-68).
271
Let l(k) = -k**3 + 62*k**2 - 428*k - 170. Give l(7).
-471
Let d(f) = 11*f**2 - 44*f - 250. What is d(-9)?
1037
Let i(t) = -1769*t - 129120. Calculate i(-73).
17
Let r(k) = k**3 - 16*k**2 + 225*k - 2125. Determine r(11).
-255
Let g(x) = -4*x**3 - 1099*x**2 + 6668*x + 418. What is g(6)?
-2
Let u(t) = -5*t**2 - 3363*t + 20361. Determine u(6).
3
Let m(u) = -u**2 - 4*u + 17154. What is m(127)?
517
Let l(k) = -4*k**2 - 5209*k + 36521. What is l(7)?
-138
Let g(w) = 1123976*w + 6743851. What is g(-6)?
-5
Let r(i) = -i**3 + 98*i**2 - 808*i + 684. Determine r(89).
61
Let j(y) = y**3 - 6*y**2 - 176*y - 508. Calculate j(-4).
36
Let v(r) = 537*r - 67. Determine v(-2).
-1141
Let w(x) = x**3 + 29*x**2 + 198*x - 73. Calculate w(-12).
-1
Let c(k) = -16640*k + 282862. Calculate c(17).
-18
Let l(x) = x**3 + 93*x**2 + 104*x + 1114. Determine l(-92).
10
Let n(z) = 518*z**2 - 1045*z. Give n(2).
-18
Let w(z) = -5430*z + 331226. Give w(61).
-4
Let j(d) = 3*d**2 + 101*d + 594. Give j(-10).
-116
Let y(z) = 2*z**3 + 123*z**2 - 677*z + 4. What is y(5)?
-56
Let j(o) = o**2 + 487*o + 40393. Determine j(-106).
7
Let i(t) = -t**3 + 58*t**2 - 14013*t + 761643. Determine i(55).
3
Let y(w) = 13021*w + 39062. Determine y(-3).
-1
Let p(v) = v**3 + 13146*v - 132460. Calculate p(10).
0
Let y(b) = -28194*b + 197434. Determine y(7).
76
Let h(u) = -15594*u - 951220. Determine h(-61).
14
Let j(d) = -6*d**3 - 265*d**2 - 45*d + 16. What is j(-44)?
60
Let c(h) = -h**3 + 184*h**2 + 598*h - 6891. Give c(187).
28
Let o(r) = -26*r**2 + 495*r - 2268. Give o(8).
28
Let d(o) = -2*o**3 - 324*o**2 - 301*o + 3368. Determine d(-161).
-13
Let j(v) = -v**3 + 437*v**2 - 43443*v - 2548. Determine j(284).
8
Let w(m) = m**3 + 52*m**2 - 14*m + 72. What is w(-53)?
-1995
Let h(u) = 13*u**2 + 1936*u - 9988. Give h(5).
17
Let k(p) = -p**2 + 271*p - 255. Give k(1).
15
Let l(t) = 599*t + 4121. Calculate l(-7).
-72
Let f(g) = g**3 + 18*g**2 - 723*g - 753. Determine f(-37).
-13
Let m(s) = s**3 - 97*s**2 - 39880*s + 451. Calculate m(254).
-57
Let t(s) = -s**3 + 69*s**2 - 1208*s + 891. Give t(37).
3
Let m(s) = 19*s**3 - 6463*s**2 + 1020*s + 4. Determine m(340).
4
Let n(h) = -h**3 + 43*h**2 + 34*h - 1671. What is n(43)?
-209
Let m(n) = n**3 - 8*n**2 + 1697*n - 13707. Determine m(8).
-131
Let b(j) = -104*j + 2338. What is b(18)?
466
Let o(j) = -j**2 + 557*j + 37024. Give o(-60).
4
Let n(j) = -5235*j - 62612. Give n(-12).
208
Let u(s) = -121*s**2 + 5490*s + 28000. Determine u(50).
0
Let p(t) = -766*t + 19895. Determine p(26).
-21
Let n(v) = 39*v**2 + 297*v + 564. What is n(-4)?
0
Let p(u) = 130999*u - 1309997. Calculate p(10).
-7
Let u(g) = -211*g + 25538. Give u(121).
7
Let i(m) = -7642*m - 2745. Calculate i(-1).
4897
Let i(o) = -o**3 + 20*o**2 - o - 788. Give i(20).
-808
Let d(f) = f**3 - 77*f**2 - 1473*f + 8551. Calculate d(92).
-5
Let t(z) = -251*z**3 + 17*z**2 - 909*z + 892. What is t(1)?
-251
Let y(x) = -3*x**2 + 129*x - 463. What is y(40)?
-103
Let s(b) = 1375*b**2 + 111385*b + 814. Give s(-81).
4
Let g(v) = 2587*v + 201800. Calculate g(-78).
14
Let k(g) = -1381*g - 4481. Determine k(-3).
-338
Let k(q) = -2*q**3 + 378*q - 54. What is k(-14)?
142
Let w(x) = -3*x**2 - 8387*x - 1390530. What is w(-177)?
-18
Let q(l) = -4*l**3 + 3*l**2 - 4900*l + 14763. Calculate q(3).
-18
Let h(g) = 1804*g - 155138. Determine h(86).
6
Let d(u) = 2496*u - 301729. Give d(121).
287
Let a(k) = 355*k**2 + 93712*k - 2111. Determine a(-264).
1
Let j(y) = 34599*y - 3702097. Give j(107).
-4
Let i(k) = 6077*k**2 + 6082*k + 23. Calculate i(-1).
18
Let k(d) = -5*d**2 + 207*d + 1563. Calculate k(48).
-21
Let n(f) = -989*f - 33642. What is n(-34)?
-16
Let j(z) = 19161*z - 11055897. Give j(577).
0
Let c(d) = -40*d**2 - 17*d - 1. Calculate c(-8).
-2425
Let w(a) = 105*a**2 + 1045*a + 2516. Determine w(-6).
26
Let m(v) = -v**3 - 86*v**2 + 341*v - 10. Determine m(4).
-86
Let j(q) = -71*q**2 + 7038*q + 28174. Give j(-4).
-1114
Let l(u) = u**3 + 6*u**2 - 19953*u - 99771. Determine l(-5).
19
Let u(j) = 246351*j - 492664. Calculate u(2).
38
Let n(t) = t**2 - 29956*t + 89850. Determine n(3).
-9
Let t(z) = -z**3 - 22*z**2 - 52*z - 272. What is t(-22)?
872
Let f(l) = -34*l**3 + 72*l**2 - 9*l + 12. Determine f(2).
10
Let y(r) = -r**3 - 49*r**2 - 303*r - 54. Calculate y(-42).
324
Let t(w) = 190252*w - 570706. Calculate t(3).
50
Let i(k) = 45*k**3 + 944*k**2 - 9*k + 249. Give i(-21).
-3
Let d(s) = -68656*s + 42223454. What is d(615)?
14
Let x(c) = -c**3 + 101*c**2 + 9440*c + 90. Give x(-59).
90
Let f(i) = -16255*i + 5120287. Calculate f(315).
-38
Let n(q) = -18132*q + 36358. Determine n(2).
94
Let a(s) = 10*s**2 + 50*s + 1. What is a(7)?
841
Let f(o) = 141*o**2 + 2*o - 2. Calculate f(1).
141
Let g(a) = -39026*a - 78041. Determine g(-2).
11
Let b(o) = 40*o + 2508. Determine b(-28).
1388
Let w(a) = 9054*a + 54136. Give w(-6).
-188
Let j(y) = 276*y**3 - 256*y**2 + 259*y - 2. Calculate j(1).
277
Let q(d) = d**3 + 39*d**2 + 191*d + 32. Determine q(-17).
3143
Let m(x) = -9*x**3 - 75*x**2 - 8*x. Determine m(-9).
558
Let v(t) = -94*t + 25878. Determine v(285).
-912
Let j(k) = -k**3 - 72*k**2 - 455*k + 3672. Calculate j(-64).
24
Let a(i) = -i**2 - 54*i + 42946. Give a(186).
-1694
Let g(q) = -532*q**2 - 158*q - 157. What is g(-1)?
-531
Let z(o) = -8339*o - 1401130. Give z(-168).
-178
Let x(o) = 2*o**2 - 493*o - 62283. What is x(-92)?
1
Let i(m) = -2*m**2 + 1777*m - 48174. What is i(28)?
14
Let i(l) = -2*l**2 + 530*l + 3241. Determine i(-6).
-11
Let o(t) = 5619*t + 16844. Determine o(-3).
-13
Let s(n) = n**3 - 6*n**2 - 21*n + 80. What is s(6)?
-46
Let t(s) = -s**3 - 246*s**2 - 3424*s + 9461. Give t(-231).
-10
Let v(z) = -185642*z - 5754901. Determine v(-31).
1
Let a(v) = 3*v**3 + 11*v**2 - 336*v - 895. Give a(-11).
139
Let t(z) = -8679*z - 43385. Determine t(-5).
10
Let k(y) = y**3 + 383*y**2 + 66*y + 25192. Give k(-383).
-86
Let x(a) = -45*a + 1083. Calculate x(28).
-177
Let q(v) = 985*v + 121247. Determine q(-123).
92
Let j(s) = 93*s + 5307. Give j(-58).
-87
Let w(q) = -27059*q - 54115. Calculate w(-2).
3
Let v(n) = 2734*n**2 + 7160*n - 7159. Calculate v(1).
2735
Let o(s) = -9*s**2 + 406*s + 5178. Calculate o(-13).
-1621
Let c(f) = -8*f**3 + 3798*f**2 + 4761*f - 480. Determine c(476).
-4
Let o(r) = -3682*r + 47804. What is o(13)?
-62
Let a(s) = -28*s**3 - 39*s**2 - 127*s. Give a(-5).
3160
Let t(s) = 104608*s - 8577886. Determine t(82).
-30
Let p(b) = -342*b**2 - 134068*b - 1560. Determine p(-392).
8
Let g(m) = -5*m**3 + 402*m**2 + 765*m - 90. Calculate g(-2).
28
Let l(g) = 29*g**2 - 2280*g + 1336. Determine l(78).
-68
Let g(v) = v**2 + 581*v + 4800. Determine g(-8).
216
Let c(j) = j**2 + 152*j + 3727. Calculate c(-26).
451
Let c(w) = -3*w**3 + 54*w**2 + 4565*w - 385. What is c(49)?
7
Let o(v) = 4946*v - 10538. Calculate o(2).
-646
Let a(w) = 121*w**2 + 182*w + 367. Determine a(-2).
487
Let r(o) = -9*o**2 - 1145*o + 49341. Give r(34).
7
Let z(m) =